{"id":211,"date":"2022-05-12T21:58:52","date_gmt":"2022-05-12T21:58:52","guid":{"rendered":"https:\/\/www.sans-avion.net\/California-Zephyr\/?page_id=191"},"modified":"2023-04-16T15:15:07","modified_gmt":"2023-04-16T15:15:07","slug":"californie-a-bord-du-california-zephyr","status":"publish","type":"page","link":"https:\/\/www.sans-avion.net\/California-Zephyr\/californie-a-bord-du-california-zephyr\/","title":{"rendered":"Californie \u00e0 bord du California Zephyr"},"content":{"rendered":"\n\n\n<h2><span style=\"font-family: Cabin; font-weight: 600;\">CALIFORNIE<\/span><\/h2>\n<h2><span style=\"font-family: Cabin; font-weight: 600;\"><\/span><span style=\"font-family: Cabin; font-size: 45px; font-weight: 600;\">notre voyage en train \u00e0 bord du California Zephyr<\/span><br><\/h2>\n\n\n\n\n\n<h3 style=\"color: rgb(0, 55, 0);\">Emeryville, California<\/h3>\n<p>Ah, le California Zephyr, le fameux train aux USA qui arrive&#8230;euh, pas vraiment \u00e0 San Francisco ! Car oui, il faut savoir que malgr\u00e9 son nom, le terminus du California Zephyr est en r\u00e9alit\u00e9 \u00e0 Emeryville, une petite ville situ\u00e9e \u00e0 une quinzaine de kilom\u00e8tres de San Francisco. Mais qu&rsquo;importe, le trajet \u00e0 bord de ce train mythique vaut largement le d\u00e9tour. Apr\u00e8s une nuit de voyage depuis Salt Lake City, o\u00f9 l&rsquo;on a pu admirer les paysages grandioses de la Sierra Nevada, on arrive enfin sous le soleil de l&rsquo;apr\u00e8s-midi dans la baie de San Francisco. Et n&rsquo;oublions pas les belles photos que Seb a r\u00e9ussi \u00e0 prendre avec son t\u00e9l\u00e9objectif 300, du haut de ses talents de photographe amateur. Alors si vous voulez vivre une exp\u00e9rience unique \u00e0 bord d&rsquo;un train l\u00e9gendaire, embarquez dans le California Zephyr et laissez-vous transporter \u00e0 travers les merveilles de l&rsquo;Ouest am\u00e9ricain. Et si vous avez un peu de mal \u00e0 trouver la gare \u00e0 San Francisco, pas de panique, Emeryville est l\u00e0 pour vous accueillir!<\/p>\n<h5>Reno, Nevada<\/h5>\n<p>Le California Zephyr a fait un bref arr\u00eat \u00e0 Reno, Nevada, une ville qui peut se vanter d&rsquo;\u00eatre c\u00e9l\u00e8bre pour ses casinos et ses machines \u00e0 sous. Un endroit id\u00e9al pour d\u00e9penser son argent durement gagn\u00e9 en esp\u00e9rant gagner gros, ou pour perdre encore plus. Le seul avantage de s&rsquo;arr\u00eater \u00e0 Reno est de pouvoir se d\u00e9gourdir les jambes sur le quai de la gare en respirant l&rsquo;air sec et poussi\u00e9reux de la ville. Et bien s\u00fbr, de prendre des photos floues des montagnes alentour avec le t\u00e9l\u00e9objectif 300 de Seb. En fin de compte, c&rsquo;est une ville de passage, pas un lieu de vill\u00e9giature.<\/p>\n<h5>Arriv\u00e9e en Californie<\/h5>\n<p>Puis le train reprend sa route. Le California Zephyr est l&rsquo;un des trains les plus embl\u00e9matiques des \u00c9tats-Unis, qui relie Chicago \u00e0 San Francisco. Apr\u00e8s une nuit de trajet depuis Salt Lake City, le train franchit la majestueuse Sierra Nevada, offrant des vues \u00e0 couper le souffle sur les montagnes enneig\u00e9es et les for\u00eats verdoyantes. Arrivant en d\u00e9but d&rsquo;apr\u00e8s-midi, les passagers peuvent d\u00e9j\u00e0 sentir l&rsquo;air chaud et humide de la Californie. Cependant, ce n&rsquo;est pas \u00e0 San Francisco r\u00e9ellement que le train s&rsquo;arr\u00eate, car il n&rsquo;y a plus de gare ferroviaire \u00e0 San Francisco depuis 1971. Le terminus est maintenant \u00e0 Emeryville, \u00e0 environ 15 km au nord de la ville, o\u00f9 les passagers peuvent prendre une navette ou un taxi pour se rendre dans la ville.<\/p>\n<p>Les voyageurs du California Zephyr sont transport\u00e9s dans le temps, avec un train qui allie le charme du pass\u00e9 avec les commodit\u00e9s modernes. Des cabines confortables, un salon panoramique offrant une vue \u00e0 360 degr\u00e9s, une voiture-restaurant servant des plats d\u00e9licieux inspir\u00e9s de la cuisine de l&rsquo;Ouest am\u00e9ricain, le tout dans un cadre historique et confortable. Les voyageurs peuvent profiter de la beaut\u00e9 des paysages de l&rsquo;Ouest am\u00e9ricain tout en se d\u00e9pla\u00e7ant d&rsquo;une ville \u00e0 l&rsquo;autre, sans avoir \u00e0 se soucier de la circulation ou de la fatigue de la route.<\/p>\n\n\n\nReno, capitale du divorce\n\n\n\n\n\n\n\n\n\n<p>Le California Zephyr est un choix populaire pour les voyageurs qui souhaitent d\u00e9couvrir les \u00c9tats-Unis \u00e0 leur propre rythme, en profitant des vues panoramiques depuis le confort de leur si\u00e8ge. Avec des arr\u00eats dans certaines des plus grandes villes des \u00c9tats-Unis, comme Denver, Salt Lake City et Sacramento, les passagers peuvent \u00e9galement d\u00e9couvrir les sites touristiques locaux ou explorer les villes \u00e0 pied. Le train aux \u00c9tats-Unis est une exp\u00e9rience unique en son genre, offrant une alternative \u00e0 la conduite ou aux vols r\u00e9guliers. Les voyageurs du California Zephyr sont transport\u00e9s dans un autre monde, o\u00f9 l&rsquo;aventure et l&rsquo;histoire se rencontrent dans un train majestueux qui sillonne le paysage am\u00e9ricain.<br><\/p>\n\n\n\n\n\n\n\n\n\n\n\n\n\n\n\n\n<p>Et peut \u00eatre qu&rsquo;en fait, vous avez rat\u00e9 le d\u00e9but du voyage ?<\/p>\n\n<p>Ou alors, on pourrait aussi regarder d&rsquo;autres voyages encore plus incroyables&#8230;<\/p>\n\n\n\n\n","protected":false},"excerpt":{"rendered":"","protected":false},"author":1,"featured_media":0,"parent":0,"menu_order":0,"comment_status":"closed","ping_status":"closed","template":"","meta":{"pagelayer_contact_templates":[],"_pagelayer_content":"","ocean_post_layout":"","ocean_both_sidebars_style":"","ocean_both_sidebars_content_width":0,"ocean_both_sidebars_sidebars_width":0,"ocean_sidebar":"0","ocean_second_sidebar":"0","ocean_disable_margins":"enable","ocean_add_body_class":"","ocean_shortcode_before_top_bar":"","ocean_shortcode_after_top_bar":"","ocean_shortcode_before_header":"","ocean_shortcode_after_header":"","ocean_has_shortcode":"","ocean_shortcode_after_title":"","ocean_shortcode_before_footer_widgets":"","ocean_shortcode_after_footer_widgets":"","ocean_shortcode_before_footer_bottom":"","ocean_shortcode_after_footer_bottom":"","ocean_display_top_bar":"default","ocean_display_header":"default","ocean_header_style":"","ocean_center_header_left_menu":"0","ocean_custom_header_template":"0","ocean_custom_logo":0,"ocean_custom_retina_logo":0,"ocean_custom_logo_max_width":0,"ocean_custom_logo_tablet_max_width":0,"ocean_custom_logo_mobile_max_width":0,"ocean_custom_logo_max_height":0,"ocean_custom_logo_tablet_max_height":0,"ocean_custom_logo_mobile_max_height":0,"ocean_header_custom_menu":"0","ocean_menu_typo_font_family":"0","ocean_menu_typo_font_subset":"","ocean_menu_typo_font_size":0,"ocean_menu_typo_font_size_tablet":0,"ocean_menu_typo_font_size_mobile":0,"ocean_menu_typo_font_size_unit":"px","ocean_menu_typo_font_weight":"","ocean_menu_typo_font_weight_tablet":"","ocean_menu_typo_font_weight_mobile":"","ocean_menu_typo_transform":"","ocean_menu_typo_transform_tablet":"","ocean_menu_typo_transform_mobile":"","ocean_menu_typo_line_height":0,"ocean_menu_typo_line_height_tablet":0,"ocean_menu_typo_line_height_mobile":0,"ocean_menu_typo_line_height_unit":"","ocean_menu_typo_spacing":0,"ocean_menu_typo_spacing_tablet":0,"ocean_menu_typo_spacing_mobile":0,"ocean_menu_typo_spacing_unit":"","ocean_menu_link_color":"","ocean_menu_link_color_hover":"","ocean_menu_link_color_active":"","ocean_menu_link_background":"","ocean_menu_link_hover_background":"","ocean_menu_link_active_background":"","ocean_menu_social_links_bg":"","ocean_menu_social_hover_links_bg":"","ocean_menu_social_links_color":"","ocean_menu_social_hover_links_color":"","ocean_disable_title":"default","ocean_disable_heading":"default","ocean_post_title":"","ocean_post_subheading":"","ocean_post_title_style":"","ocean_post_title_background_color":"","ocean_post_title_background":0,"ocean_post_title_bg_image_position":"","ocean_post_title_bg_image_attachment":"","ocean_post_title_bg_image_repeat":"","ocean_post_title_bg_image_size":"","ocean_post_title_height":0,"ocean_post_title_bg_overlay":0.5,"ocean_post_title_bg_overlay_color":"","ocean_disable_breadcrumbs":"default","ocean_breadcrumbs_color":"","ocean_breadcrumbs_separator_color":"","ocean_breadcrumbs_links_color":"","ocean_breadcrumbs_links_hover_color":"","ocean_display_footer_widgets":"default","ocean_display_footer_bottom":"default","ocean_custom_footer_template":"0","footnotes":""},"class_list":["post-211","page","type-page","status-publish","hentry","entry"],"_links":{"self":[{"href":"https:\/\/www.sans-avion.net\/California-Zephyr\/wp-json\/wp\/v2\/pages\/211","targetHints":{"allow":["GET"]}}],"collection":[{"href":"https:\/\/www.sans-avion.net\/California-Zephyr\/wp-json\/wp\/v2\/pages"}],"about":[{"href":"https:\/\/www.sans-avion.net\/California-Zephyr\/wp-json\/wp\/v2\/types\/page"}],"author":[{"embeddable":true,"href":"https:\/\/www.sans-avion.net\/California-Zephyr\/wp-json\/wp\/v2\/users\/1"}],"replies":[{"embeddable":true,"href":"https:\/\/www.sans-avion.net\/California-Zephyr\/wp-json\/wp\/v2\/comments?post=211"}],"version-history":[{"count":6,"href":"https:\/\/www.sans-avion.net\/California-Zephyr\/wp-json\/wp\/v2\/pages\/211\/revisions"}],"predecessor-version":[{"id":331,"href":"https:\/\/www.sans-avion.net\/California-Zephyr\/wp-json\/wp\/v2\/pages\/211\/revisions\/331"}],"wp:attachment":[{"href":"https:\/\/www.sans-avion.net\/California-Zephyr\/wp-json\/wp\/v2\/media?parent=211"}],"curies":[{"name":"wp","href":"https:\/\/api.w.org\/{rel}","templated":true}]}}