{"id":266,"date":"2022-07-03T20:27:03","date_gmt":"2022-07-03T20:27:03","guid":{"rendered":"https:\/\/www.sans-avion.net\/California-Zephyr\/?page_id=191"},"modified":"2023-04-16T15:17:43","modified_gmt":"2023-04-16T15:17:43","slug":"colorado-glenwood-springs","status":"publish","type":"page","link":"https:\/\/www.sans-avion.net\/California-Zephyr\/colorado-glenwood-springs\/","title":{"rendered":"Colorado Glenwood springs"},"content":{"rendered":"\n\n\n<h2>Colorado<\/h2><h3>notre voyage en train \u00e0 bord du California Zephyr<\/h3>\n\n\n\n\n\n<h5>Glenwood springs, Colorado<\/h5>\nGlenwood springs est une jolie petite ville des Rocheuses. Officiellement, on est encore dans le Colorado. Mais la grande plaine n&rsquo;est qu&rsquo;un souvenir, vous \u00eates ici au coeur des montagnes !\n<h5><br><\/h5>\n<h5>Piscine<\/h5>\n<p>Glendwood Springs, son nom vous l&rsquo;a d\u00e9j\u00e0 fait deviner, est une ville d&rsquo;eau comme on dirait ici en France. C&rsquo;est donc tout naturellement que nous avons test\u00e9 la piscine municipale, un complexe assez grand si on se rapporte \u00e0 la taille de cette petite ville d&rsquo;\u00e0 peine 10 000 \u00e2mes.<\/p>\n<p>Les sources chaudes permettent \u00e0 la ville de confortables revenus touristiques. De mon c\u00f4t\u00e9, ce qui m&rsquo;a amus\u00e9 et qui m&rsquo;a plu, c&rsquo;est l&rsquo;esp\u00e8ce de petite essoreuse \u00e0 maillots de bains qui est \u00e0 disposition dans les vestiaires. En effet, quand on sort de la piscine, on ne sait jamais trop quoi faire avec son maillot de bain tout mouill\u00e9 : \u00e7a trempe le contenu du sac, par exemple. L\u00e0, quelques secondes seulement dans la machine, et hop il est tout essor\u00e9. Rapide, facile, il suffisait d&rsquo;y penser ! Bravo !<\/p>\n<p><br><\/p>\n\n\n<p>Peut \u00eatre que \u00e7a existe dans d&rsquo;autres pays (probablement d&rsquo;ailleurs) mais je n&rsquo;ai pas encore vu \u00e7a en France en tout cas. On est donc en retard sur des \u00e9quipements simples et pratiques ! A noter que la piscine ferme tard le soir, ce qui permet des bains de nuit.<\/p>\n\n\n\n\nGlenwood Springs !\n\n\n<p>La gare traditionnelle a \u00e9t\u00e9 abandonn\u00e9e et ses b\u00e2timents revendus, puis abandonn\u00e9s aussi. Une m\u00e9chante barri\u00e8re en bloque l&rsquo;acc\u00e8s, c&rsquo;est assez sinistre il faut bien le reconna\u00eetre.<\/p>\n\n\n\n\n\n\n\n\n\n\n\n\n\n\n\n\n\n","protected":false},"excerpt":{"rendered":"","protected":false},"author":1,"featured_media":0,"parent":0,"menu_order":0,"comment_status":"closed","ping_status":"closed","template":"","meta":{"pagelayer_contact_templates":[],"_pagelayer_content":"","ocean_post_layout":"","ocean_both_sidebars_style":"","ocean_both_sidebars_content_width":0,"ocean_both_sidebars_sidebars_width":0,"ocean_sidebar":"0","ocean_second_sidebar":"0","ocean_disable_margins":"enable","ocean_add_body_class":"","ocean_shortcode_before_top_bar":"","ocean_shortcode_after_top_bar":"","ocean_shortcode_before_header":"","ocean_shortcode_after_header":"","ocean_has_shortcode":"","ocean_shortcode_after_title":"","ocean_shortcode_before_footer_widgets":"","ocean_shortcode_after_footer_widgets":"","ocean_shortcode_before_footer_bottom":"","ocean_shortcode_after_footer_bottom":"","ocean_display_top_bar":"default","ocean_display_header":"default","ocean_header_style":"","ocean_center_header_left_menu":"0","ocean_custom_header_template":"0","ocean_custom_logo":0,"ocean_custom_retina_logo":0,"ocean_custom_logo_max_width":0,"ocean_custom_logo_tablet_max_width":0,"ocean_custom_logo_mobile_max_width":0,"ocean_custom_logo_max_height":0,"ocean_custom_logo_tablet_max_height":0,"ocean_custom_logo_mobile_max_height":0,"ocean_header_custom_menu":"0","ocean_menu_typo_font_family":"0","ocean_menu_typo_font_subset":"","ocean_menu_typo_font_size":0,"ocean_menu_typo_font_size_tablet":0,"ocean_menu_typo_font_size_mobile":0,"ocean_menu_typo_font_size_unit":"px","ocean_menu_typo_font_weight":"","ocean_menu_typo_font_weight_tablet":"","ocean_menu_typo_font_weight_mobile":"","ocean_menu_typo_transform":"","ocean_menu_typo_transform_tablet":"","ocean_menu_typo_transform_mobile":"","ocean_menu_typo_line_height":0,"ocean_menu_typo_line_height_tablet":0,"ocean_menu_typo_line_height_mobile":0,"ocean_menu_typo_line_height_unit":"","ocean_menu_typo_spacing":0,"ocean_menu_typo_spacing_tablet":0,"ocean_menu_typo_spacing_mobile":0,"ocean_menu_typo_spacing_unit":"","ocean_menu_link_color":"","ocean_menu_link_color_hover":"","ocean_menu_link_color_active":"","ocean_menu_link_background":"","ocean_menu_link_hover_background":"","ocean_menu_link_active_background":"","ocean_menu_social_links_bg":"","ocean_menu_social_hover_links_bg":"","ocean_menu_social_links_color":"","ocean_menu_social_hover_links_color":"","ocean_disable_title":"default","ocean_disable_heading":"default","ocean_post_title":"","ocean_post_subheading":"","ocean_post_title_style":"","ocean_post_title_background_color":"","ocean_post_title_background":0,"ocean_post_title_bg_image_position":"","ocean_post_title_bg_image_attachment":"","ocean_post_title_bg_image_repeat":"","ocean_post_title_bg_image_size":"","ocean_post_title_height":0,"ocean_post_title_bg_overlay":0.5,"ocean_post_title_bg_overlay_color":"","ocean_disable_breadcrumbs":"default","ocean_breadcrumbs_color":"","ocean_breadcrumbs_separator_color":"","ocean_breadcrumbs_links_color":"","ocean_breadcrumbs_links_hover_color":"","ocean_display_footer_widgets":"default","ocean_display_footer_bottom":"default","ocean_custom_footer_template":"0","footnotes":""},"class_list":["post-266","page","type-page","status-publish","hentry","entry"],"_links":{"self":[{"href":"https:\/\/www.sans-avion.net\/California-Zephyr\/wp-json\/wp\/v2\/pages\/266","targetHints":{"allow":["GET"]}}],"collection":[{"href":"https:\/\/www.sans-avion.net\/California-Zephyr\/wp-json\/wp\/v2\/pages"}],"about":[{"href":"https:\/\/www.sans-avion.net\/California-Zephyr\/wp-json\/wp\/v2\/types\/page"}],"author":[{"embeddable":true,"href":"https:\/\/www.sans-avion.net\/California-Zephyr\/wp-json\/wp\/v2\/users\/1"}],"replies":[{"embeddable":true,"href":"https:\/\/www.sans-avion.net\/California-Zephyr\/wp-json\/wp\/v2\/comments?post=266"}],"version-history":[{"count":8,"href":"https:\/\/www.sans-avion.net\/California-Zephyr\/wp-json\/wp\/v2\/pages\/266\/revisions"}],"predecessor-version":[{"id":334,"href":"https:\/\/www.sans-avion.net\/California-Zephyr\/wp-json\/wp\/v2\/pages\/266\/revisions\/334"}],"wp:attachment":[{"href":"https:\/\/www.sans-avion.net\/California-Zephyr\/wp-json\/wp\/v2\/media?parent=266"}],"curies":[{"name":"wp","href":"https:\/\/api.w.org\/{rel}","templated":true}]}}