{"id":2659,"date":"2017-11-15T13:59:22","date_gmt":"2017-11-15T12:59:22","guid":{"rendered":"http:\/\/www.sans-avion.net\/tdm\/?page_id=2659"},"modified":"2018-04-25T05:11:12","modified_gmt":"2018-04-25T03:11:12","slug":"les-moyens-de-transport","status":"publish","type":"page","link":"https:\/\/www.sans-avion.net\/tdm\/tour-du-monde-ados\/les-moyens-de-transport\/","title":{"rendered":"Les moyens de transport"},"content":{"rendered":"<p>Si vous avez d\u00e9j\u00e0 suivi nos aventures, vous savez qu&rsquo;on aime bien les moyens de transport \u00ab\u00a0de surface\u00a0\u00bb : en gros tout sauf l&rsquo;a\u00e9rien. Je n&rsquo;ai rien contre les avions (au contraire puisque j&rsquo;ai ma licence de pilote) et \u00e7a n&rsquo;a rien \u00e0 avoir avec une quelconque \u00e9cologie bien pensante \u00e0 la mode. C&rsquo;est juste qu&rsquo;on est convaincus, et l&rsquo;exp\u00e9rience nous le prouve, que pour voir que le monde est grand et pour rencontrer des \u00ab\u00a0vrais\u00a0\u00bb gens, il faut rester au niveau du sol ; voyager comme voyagent les gens du pays.<\/p>\n<p>Voici les moyens de transport utilis\u00e9s pour l&rsquo;instant au cours de ce tour du monde en famille (imaginez avec les ados qui r\u00e2lent \u00e0 bord, c&rsquo;est un plaisir !)<\/p>\n<figure id=\"attachment_5563\" aria-describedby=\"caption-attachment-5563\" style=\"width: 493px\" class=\"wp-caption aligncenter\"><a href=\"http:\/\/www.sans-avion.net\/tdm\/wp-content\/uploads\/tour-du-monde-en-famille-avec-ados2404.jpg\"><img loading=\"lazy\" decoding=\"async\" class=\" wp-image-5563\" src=\"http:\/\/www.sans-avion.net\/tdm\/wp-content\/uploads\/tour-du-monde-en-famille-avec-ados2404-265x300.jpg\" alt=\"Moyens de transport utilis\u00e9s pour notre tour du monde en famille avec ados\" width=\"493\" height=\"558\" srcset=\"https:\/\/www.sans-avion.net\/tdm\/wp-content\/uploads\/tour-du-monde-en-famille-avec-ados2404-265x300.jpg 265w, https:\/\/www.sans-avion.net\/tdm\/wp-content\/uploads\/tour-du-monde-en-famille-avec-ados2404-768x871.jpg 768w, https:\/\/www.sans-avion.net\/tdm\/wp-content\/uploads\/tour-du-monde-en-famille-avec-ados2404-903x1024.jpg 903w, https:\/\/www.sans-avion.net\/tdm\/wp-content\/uploads\/tour-du-monde-en-famille-avec-ados2404-238x270.jpg 238w, https:\/\/www.sans-avion.net\/tdm\/wp-content\/uploads\/tour-du-monde-en-famille-avec-ados2404.jpg 1100w\" sizes=\"auto, (max-width: 493px) 100vw, 493px\" \/><\/a><figcaption id=\"caption-attachment-5563\" class=\"wp-caption-text\">Moyens de transport d&rsquo;un tour du monde en famille avec ados<\/figcaption><\/figure>\n","protected":false},"excerpt":{"rendered":"<p>Si vous avez d\u00e9j\u00e0 suivi nos aventures, vous savez qu&rsquo;on aime bien les moyens de transport \u00ab\u00a0de surface\u00a0\u00bb : en gros tout sauf l&rsquo;a\u00e9rien. Je n&rsquo;ai rien contre les avions (au contraire puisque j&rsquo;ai ma licence de pilote) et \u00e7a n&rsquo;a rien \u00e0 avoir avec une quelconque \u00e9cologie bien pensante \u00e0 la mode. C&rsquo;est juste qu&rsquo;on est convaincus, et l&rsquo;exp\u00e9rience nous le prouve, que pour voir que le monde est grand et pour rencontrer des \u00ab\u00a0vrais\u00a0\u00bb gens, il faut rester&#8230;<\/p>\n<p class=\"read-more\"><a class=\"btn btn-default\" href=\"https:\/\/www.sans-avion.net\/tdm\/tour-du-monde-ados\/les-moyens-de-transport\/\">Lire la suite<span class=\"screen-reader-text\"> Lire la suite<\/span><\/a><\/p>\n","protected":false},"author":1,"featured_media":0,"parent":2,"menu_order":0,"comment_status":"closed","ping_status":"closed","template":"","meta":{"ngg_post_thumbnail":0,"footnotes":""},"class_list":["post-2659","page","type-page","status-publish","hentry"],"_links":{"self":[{"href":"https:\/\/www.sans-avion.net\/tdm\/wp-json\/wp\/v2\/pages\/2659","targetHints":{"allow":["GET"]}}],"collection":[{"href":"https:\/\/www.sans-avion.net\/tdm\/wp-json\/wp\/v2\/pages"}],"about":[{"href":"https:\/\/www.sans-avion.net\/tdm\/wp-json\/wp\/v2\/types\/page"}],"author":[{"embeddable":true,"href":"https:\/\/www.sans-avion.net\/tdm\/wp-json\/wp\/v2\/users\/1"}],"replies":[{"embeddable":true,"href":"https:\/\/www.sans-avion.net\/tdm\/wp-json\/wp\/v2\/comments?post=2659"}],"version-history":[{"count":11,"href":"https:\/\/www.sans-avion.net\/tdm\/wp-json\/wp\/v2\/pages\/2659\/revisions"}],"predecessor-version":[{"id":5565,"href":"https:\/\/www.sans-avion.net\/tdm\/wp-json\/wp\/v2\/pages\/2659\/revisions\/5565"}],"up":[{"embeddable":true,"href":"https:\/\/www.sans-avion.net\/tdm\/wp-json\/wp\/v2\/pages\/2"}],"wp:attachment":[{"href":"https:\/\/www.sans-avion.net\/tdm\/wp-json\/wp\/v2\/media?parent=2659"}],"curies":[{"name":"wp","href":"https:\/\/api.w.org\/{rel}","templated":true}]}}

<p>Si vous avez déjà suivi nos aventures, vous savez qu&rsquo;on aime bien les moyens de transport « de surface » : en gros tout sauf l&rsquo;aérien. Je n&rsquo;ai rien contre les avions (au contraire puisque j&rsquo;ai ma licence de pilote) et ça n&rsquo;a rien à avoir avec une quelconque écologie bien pensante à la mode. C&rsquo;est juste qu&rsquo;on est convaincus, et l&rsquo;expérience nous le prouve, que pour voir que le monde est grand et pour rencontrer des « vrais » gens, il faut rester au niveau du sol ; voyager comme voyagent les gens du pays.</p>
<p>Voici les moyens de transport utilisés pour l&rsquo;instant au cours de ce tour du monde en famille (imaginez avec les ados qui râlent à bord, c&rsquo;est un plaisir !)</p>
<figure id="attachment_5563" aria-describedby="caption-attachment-5563" style="width: 493px" class="wp-caption aligncenter"><a href="http://www.sans-avion.net/tdm/wp-content/uploads/tour-du-monde-en-famille-avec-ados2404.jpg"><img loading="lazy" decoding="async" class=" wp-image-5563" src="http://www.sans-avion.net/tdm/wp-content/uploads/tour-du-monde-en-famille-avec-ados2404-265x300.jpg" alt="Moyens de transport utilisés pour notre tour du monde en famille avec ados" width="493" height="558" srcset="https://www.sans-avion.net/tdm/wp-content/uploads/tour-du-monde-en-famille-avec-ados2404-265x300.jpg 265w, https://www.sans-avion.net/tdm/wp-content/uploads/tour-du-monde-en-famille-avec-ados2404-768x871.jpg 768w, https://www.sans-avion.net/tdm/wp-content/uploads/tour-du-monde-en-famille-avec-ados2404-903x1024.jpg 903w, https://www.sans-avion.net/tdm/wp-content/uploads/tour-du-monde-en-famille-avec-ados2404-238x270.jpg 238w, https://www.sans-avion.net/tdm/wp-content/uploads/tour-du-monde-en-famille-avec-ados2404.jpg 1100w" sizes="auto, (max-width: 493px) 100vw, 493px" /></a><figcaption id="caption-attachment-5563" class="wp-caption-text">Moyens de transport d&rsquo;un tour du monde en famille avec ados</figcaption></figure>

<p>Si vous avez déjà suivi nos aventures, vous savez qu&rsquo;on aime bien les moyens de transport « de surface » : en gros tout sauf l&rsquo;aérien. Je n&rsquo;ai rien contre les avions (au contraire puisque j&rsquo;ai ma licence de pilote) et ça n&rsquo;a rien à avoir avec une quelconque écologie bien pensante à la mode. C&rsquo;est juste qu&rsquo;on est convaincus, et l&rsquo;expérience nous le prouve, que pour voir que le monde est grand et pour rencontrer des « vrais » gens, il faut rester&#8230;</p>
<p class="read-more"><a class="btn btn-default" href="https://www.sans-avion.net/tdm/tour-du-monde-ados/les-moyens-de-transport/">Lire la suite<span class="screen-reader-text"> Lire la suite</span></a></p>
